 7*t**4/24 - t**3/3 + 7*t**2. Determine w(-6).
4
Let w(s) = s**2 + 4*s + 2. Suppose 0 = -z - 14 + 9. Give w(z).
7
Let l(m) = m**3 + 7*m**2 - 7*m + 9. Let t be l(-8). Let v(g) = g**2 + 5 - g - 5 - 6*g**3. Determine v(t).
-6
Let t be (-1 - -1)/(-2 - -4). Let v = t + -3. Let n(i) = i**2 + 2*i - 4. Give n(v).
-1
Suppose 2*t + 2*q + 16 = -2*q, -q = 5*t - 5. Let n(p) be the first derivative of -p**2 + 7. Determine n(t).
-4
Let v(i) = i**2 + 5*i - 8. Let j be v(-6). Let t(x) = -x**2 - 9*x + 14. Let r be t(-10). Let d(g) = -6 + 2 + 1 + r*g + 2. Give d(j).
-9
Let p(k) = -2*k**2 - 10*k + 9. Let d(q) = q**2 + q - 1. Let g(v) = -3*d(v) - p(v). Determine g(4).
6
Let i(t) = -2*t**3 + 3*t**2 - 4*t + 2. Suppose 3*v - 2 = 4. What is i(v)?
-10
Let u(v) = -12*v**2 - 5*v - 4. Let n(y) = 11*y**2 + 4*y + 3. Let g(l) = 4*n(l) + 3*u(l). Give g(1).
9
Suppose -3*z - 10 = -2*o, -2 + 7 = o + z. Let x(q) = q**3 - 6*q**2 + 2*q + 5. Determine x(o).
-10
Let l(v) = -6*v + 1. Let c(m) = -m - 1. Let h(d) = -3*c(d) + l(d). What is h(5)?
-11
Let j(m) = -6*m - 9. Let z be j(-2). Let i(c) = 6*c. Calculate i(z).
18
Let q(r) = 1. Let h = -10 - -11. Let o(a) = -a - 5. Let i(u) = h*o(u) + 5*q(u). Determine i(0).
0
Suppose 6 + 0 = d - 3*t, -10 = -4*d - 2*t. Let i(r) = -2*r**d + 3*r**2 + 4 + 4*r + r**2 + r**3. Suppose x + 20 = 5*x. What is i(x)?
-1
Let x(u) = u**3 - 7*u**2 - 9*u + 8. Let j be x(8). Let c(w) be the first derivative of w**4/4 - w**3/3 - w**2/2 + 3. Calculate c(j).
0
Let n(i) = -4 + 0 + 2 + 2*i. Let l = -24 - -12. Let z be l/(-30) - 18/(-5). Determine n(z).
6
Let j be ((-81)/21 - -3)*7. Let r(t) = t**2 - 6*t. Let c(i) = i**2 + 1. Let o(f) = 2*c(f) - r(f). What is o(j)?
2
Let k(v) = 6*v - 11. Let i(y) = 7*y - 17. Let m(f) = -7*f + 18. Let n(s) = -6*i(s) - 5*m(s). Let u(h) = 6*k(h) + 5*n(h). Let r be (0 + -2)*(0 + -2). Give u(r).
-2
Suppose -n - 4*r + 9 + 0 = 0, -25 = -4*n - 5*r. Let j(d) = d**3 - 5*d**2 - d + 7. Determine j(n).
2
Let l(y) = y**3 + y + 1. Let h(k) = 12*k**3 + 2 - 6*k**2 + 5*k + 1 + 4*k**2 - 5*k**3. Let x be (-2)/(3 + -2) - -3. Let a(r) = x*h(r) - 6*l(r). Calculate a(3).
3
Let u(x) = -x - 5. Let h = 148 + -156. Determine u(h).
3
Let b(y) be the first derivative of -y**4/24 - y**3/3 + 4*y**2 + 2. Let w(m) be the second derivative of b(m). What is w(-2)?
0
Suppose 0 = -2*s + w + 2*w - 8, 0 = 2*s + 2*w + 8. Let k(l) = -l - 2*l + 3 + 2*l**2 - 3*l**2. Calculate k(s).
-1
Let s(w) = -w - 1. Let b(y) = 4*y + 3. Let u(k) = b(k) + 3*s(k). Let j = -8 - -2. Let f be (15/j)/((-1)/(-2)). Calculate u(f).
-5
Suppose -2*z = 15 + 1. Let v(g) = -27 + 1 + 10 + g + 7. Let l(s) = -2*s + 14. Let j(w) = z*v(w) - 5*l(w). Calculate j(-3).
-4
Let y(x) = -x**3 + 3*x**2 - 3*x + 3. Let j(t) = 3*t - 1. Let p be j(1). Suppose -2*a = -5*a + 12. Let d = a - p. Determine y(d).
1
Let a(d) = d**2 + 9*d - 16. Let z(u) = u**2 + 9*u - 17. Let y(v) = 5*a(v) - 4*z(v). Let n be y(-10). Let j(i) = -3*i - 2. Give j(n).
4
Let c be 3 + (-4 - 4) + 2. Let m(a) = -7*a - 4. Determine m(c).
17
Let n(a) = 2*a**3 + a**2 + 4*a + 2. Let w(r) = r**3 - r**2. Let z(k) = -n(k) + 3*w(k). Calculate z(5).
3
Let a(r) = -r - 1. Suppose -19 = 5*y + 2*n, -17 + 3 = 4*y + 2*n. Determine a(y).
4
Let k(o) be the second derivative of -o**7/1260 - 7*o**4/12 + o. Let x(m) be the third derivative of k(m). Calculate x(-1).
-2
Suppose 7*t - 2*t + 18 = i, -2*i - 12 = 2*t. Let o(l) = -3*l - 13*l + 3*l. Let q(z) = -6*z. Let y(x) = t*o(x) + 9*q(x). Calculate y(-3).
6
Let x = 8 - 10. Let n(j) = -j - 2. Calculate n(x).
0
Let g(u) = u. Let h(d) = -13*d + 2. Let x(l) = -14*l + 2. Let f(v) = 3*h(v) - 2*x(v). Let w(i) = -f(i) - 6*g(i). Suppose -4*p + 4 + 4 = 0. Calculate w(p).
8
Let o(q) be the second derivative of -q**6/180 - q**5/40 - q**4/12 + q**3/3 + q. Let x(u) be the second derivative of o(u). Calculate x(-2).
-4
Let t(v) = v**3 + 4*v**2 + v + 1. Let c = -8 + 8. Suppose -p = 2*q - c*q - 3, 4*p = 5*q - 27. Give t(p).
7
Let z = 6 - 4. Let m(v) = 1 - 1 + 4*v + v**2 + z. Let d be 11/(-3) - 4/12. Give m(d).
2
Let z(p) = p - 2. Suppose l + 12 = -5*u, 0 = -l - 0*l - u - 4. Give z(l).
-4
Let c(v) = -v + 11. Let s be c(7). Let p be (2 - 8)/((-6)/s). Let l(y) = -p - 2*y - 2 + 4. Calculate l(2).
-6
Let u(w) = w**2 - 2*w + 1. Let j(q) = q**2 + 18*q + 33. Let m be j(-16). Determine u(m).
0
Let y(g) = g**3 + g**2. Let n(x) = x + 9. Let j(i) = -i - 9. Let o(c) = -4*j(c) - 5*n(c). Let v be o(-9). Calculate y(v).
0
Let n(f) = 3 + 5*f**2 + 3*f**3 - 8 - 2*f**3. Give n(-5).
-5
Let y(d) = -d - 4. Suppose -z + 6 = -s, 5*s + 15 = -0*z + 2*z. Give y(z).
-9
Let s = 6 + -2. Suppose -24 = s*d - 0. Let o(y) = y + 2. Give o(d).
-4
Let f(d) be the third derivative of 7*d**5/60 - d**4/24 - d**2. Calculate f(1).
6
Let k(y) = y**2 + 3*y - 2. Let m = 20 + -15. Let c be (0*1/(-2))/(-2). Suppose a = 4*s + 4*a + 27, -a - m = c. What is k(s)?
-2
Let r(c) be the first derivative of -1/4*c**4 - c**3 + c + 3/2*c**2 + 4. Give r(-3).
-8
Let x(l) = 4 - 2*l - 7 - 1 + l**2 + 10*l. Calculate x(-7).
-11
Let z(o) be the first derivative of -3*o**4/4 + 2*o**3/3 - o**2 + 2*o - 8. Give z(2).
-18
Let n(d) be the third derivative of d**4/24 - d**3/2 - d**2. Determine n(-4).
-7
Let b(j) be the second derivative of -j**4/4 + 5*j**3/6 - 7*j**2/2 + 8*j. Let r(w) = 10*w**2 - 14*w + 22. Let g(x) = -7*b(x) - 2*r(x). Determine g(5).
-5
Let d(s) be the second derivative of -s**5/20 + s**4/3 + s**3 + 5*s**2/2 + 7*s. Calculate d(5).
10
Let c(i) = 3*i**2 + 3*i. Let s(u) = -3*u**2 - u + 2. Let l(g) = 4*g**2 - 3. Let p(t) = 4*l(t) + 5*s(t). Let a be p(5). What is c(a)?
6
Let i(c) = c**2 - c - 1. Suppose -3*j + 15 = 2*j. Let x(m) = m**3 + 5*m**2 - 6*m - 6. Let f(u) = j*i(u) - x(u). What is f(-2)?
-3
Let j(p) = p**2 + 5*p + 2. Suppose 5*y = v - 19, -3*y = -y + v + 9. What is j(y)?
-2
Suppose -5*f - 42 = -3*l, -f + 3*l - 24 = f. Let d(m) = -m**2 - 10*m - 9. Give d(f).
15
Let p be 3 + 0 + -4 - -5. Let j(w) = p + 0*w**3 + 4*w**3 - 6*w**2 + 3*w**2 - 3*w**3. Determine j(3).
4
Let j = 4 - 4. Let m be (8 - 7) + (j - 2). Let i(d) = d**2 - 4 + 2 - 2*d**3 + 1. Determine i(m).
2
Let p(k) be the third derivative of -k**5/60 + 7*k**4/24 + 2*k**3/3 - 6*k**2. What is p(7)?
4
Suppose -5*y - 5*z = 35, 2*z = 4*y - 2*z - 12. Let o(h) = -7*h**2 - 15*h - 2. Let d(q) = 3*q**2 + 7*q + 1. Let k(m) = -5*d(m) - 2*o(m). Give k(y).
5
Suppose 0 = -3*z - z - 20. Let p(t) = -t**3 - 6*t**2 - 3*t + 3. Give p(z).
-7
Let b(s) be the third derivative of -s**6/120 + s**4/8 - s**3/2 - 10*s**2. Determine b(2).
-5
Let v(c) be the first derivative of c**4/24 - c**3/6 - c**2/2 + 2. Let y(o) be the second derivative of v(o). Determine y(3).
2
Suppose 2*s - 6 = -2*u, -u = -6*u - 2*s + 27. Let l(o) = -o**2 + 6*o + 7. What is l(u)?
0
Let m be (3 + 5)/((-2)/(-5)). Suppose 4*k + 0*k + m = 0, 4*s + 3*k + 19 = 0. Let y(b) = b. Let d(o) = 4*o + 1. Let w(x) = s*d(x) - 2*y(x). What is w(-1)?
5
Let g(i) be the third derivative of -i**5/60 + i**4/24 + i**3/2 + 4*i**2. Let j(p) = -5*p**2 + 10 - p - 2*p**2 - 4*p**3 + 5*p**3. Let b be j(7). What is g(b)?
-3
Suppose 24 = 3*n + 3*z, 0 = n + 2*n - 5*z + 8. Let a be (-8)/32 + 9/n. Let j(k) = -a*k**2 + 2*k - 6*k - 2 + k**2. What is j(-2)?
2
Let i(h) = 11*h**3 - 11*h**2 + 13*h + 1. Let q(r) = -24*r**3 + 23*r**2 - 27*r - 2. Let l(u) = 13*i(u) + 6*q(u). Give l(-6).
-5
Let p(x) be the third derivative of 8*x**2 - 1/5*x**5 + 0*x**3 - 1/24*x**4 + 0*x + 0. Let q = 0 + -1. Determine p(q).
-11
Let m(o) = -4*o - 3. Let h be m(-2). Let z(d) be the first derivative of d**3/3 - 2*d**2 - 2. What is z(h)?
5
Let b(i) = 138*i**2 - 144*i**2 + 0 + 7 + 6*i + i**3. What is b(5)?
12
Let x(p) = p**2 + 1 + p + 2*p - 2*p. Determine x(2).
7
Suppose 11*a - 9*a = 10. Let x(b) = b**3 - 6*b**2 + 8*b - 6. Give x(a).
9
Suppose 6 = -4*l + 14. Let t = l + 3. Let q(j) = j - 5 + 1 + t. Give q(-3).
-2
Let b be ((-34)/(-36) - 1)/(1/(-3)). Let s(v) be the second derivative of 3*v - v**2 + b*v**3 - 1/12*v**4 + 0. Calculate s(0).
-2
Suppose -3*v = -5*j + 4, -j - 2 = -v - v. Let h(f) = 3*f**2 + f**2 - 3*f - f - j*f**3 + 2. Suppose 3*p - 7 = -1. What is h(p)?
-6
Let w(t) = 9*t**3 - 5*t**2 + t - 6. Let k(y) = -18*y**3 + 9*y**2 - 2*y + 11. Let i(s) = -6*k(s) - 11*w(s). Give i(-1).
-9
Let l(b) = b**2 + 8*b + 3. Let i(u) = u**3 - 4*u**2 - 9*u + 12. Let r be i(